nvert -567452 (base 11) to base 12.
-376667
-11a0130 (base 12) to base 2
-1101001000011010110100
What is -240003130 (base 5) in base 6?
-35241325
Convert 120103202 (base 4) to base 3.
12001120012
Convert -759086 (base 12) to base 10.
-1861158
Convert -3522030 (base 6) to base 3.
-100020111200
203400303 (base 5) to base 13
235876
Convert -7a80b4 (base 15) to base 9.
-12004337
What is 893210 (base 11) in base 9?
2610842
Convert d40bb (base 15) to base 14.
136b7b
What is -301120022 (base 4) in base 9?
-337382
3418be (base 15) to base 13
6906c2
-351276 (base 8) to base 10
-119486
What is -4035101 (base 7) in base 12?
-1b1638
What is 11100010110100100100111 (base 2) in base 6?
423145355
Convert 1754872 (base 9) to base 8.
3574342
Convert -11011110111110110100101 (base 2) to base 5.
-3332303121
-12e68f (base 16) to base 4
-10232122033
What is -101111010100000110 (base 2) in base 3?
-100211211201
-2413003 (base 7) to base 13
-a9354
What is 2111200112121 (base 3) in base 6?
44315541
What is 566705 (base 10) in base 16?
8a5b1
What is -10011111111111110100 (base 2) in base 6?
-22014004
Convert -133141300 (base 5) to base 2.
-10100101011101000100
What is -1004415 (base 6) in base 10?
-47675
Convert -3151754 (base 10) to base 14.
-5c0854
-613515 (base 7) to base 16
-19851
-20210200200 (base 3) to base 4
-200230113
What is 31c51 (base 13) in base 3?
11120102101
What is 1b172 (base 16) in base 15?
22d27
What is 3302055 (base 6) in base 7?
1251305
-11412421 (base 5) to base 7
-624433
3037a (base 15) to base 6
3134441
What is 1a023 (base 15) in base 10?
84408
Convert 11030223 (base 5) to base 8.
272710
What is 110011100101110100 (base 2) in base 11?
134846
What is 1a9639 (base 11) in base 4?
1032023100
101110101010010011110 (base 2) to base 7
15665461
What is -1020202200120 (base 3) in base 8?
-2422054
16d98e (base 16) to base 3
2211002011110
Convert 1226078 (base 9) to base 5.
132321411
Convert 463104 (base 8) to base 6.
3212004
Convert -7a53a (base 11) to base 3.
-12220201210
-313443340 (base 6) to base 5
-2401331240
30144203 (base 6) to base 14
183191
What is -3233214142 (base 5) in base 9?
-14031178
-11450330 (base 8) to base 7
-30225613
Convert 442404224 (base 5) to base 16.
1d4952
What is 10021012222 (base 3) in base 9?
107188
10011010100000011010111 (base 2) to base 11
29488a0
Convert -6ed56a (base 16) to base 5.
-3324413334
What is 7467820 (base 9) in base 8?
17207212
Convert 424011123 (base 5) to base 16.
1b3116
Convert -412104350 (base 6) to base 7.
-114232065
Convert 201021102202 (base 3) to base 10.
379397
What is -4312044 (base 5) in base 14?
-1c742
What is -17b689 (base 12) in base 16?
-65109
What is 1235021 (base 7) in base 6?
3233352
1144360 (base 9) to base 11
393859
1934553 (base 10) to base 9
3567633
What is -189ec (base 16) in base 5?
-11211334
What is -5024466 (base 9) in base 12?
-a8b2a3
What is -1211211211100 (base 3) in base 16?
-ef874
What is 325422550 (base 6) in base 14?
ac9c42
Convert -10220200202011 (base 3) to base 16.
-1fbe7d
-102544400 (base 6) to base 3
-10102100211100
10112002120 (base 4) to base 10
1138840
44866 (base 14) to base 3
22110010012
Convert -10001011100000100100 (base 2) to base 9.
-1060760
-7866428 (base 9) to base 16
-40a519
-11132122300 (base 5) to base 7
-210140264
What is 10101101001010001010011 (base 2) in base 7?
66141320
Convert -116634533 (base 7) to base 15.
-9b3b4e
-a862 (base 16) to base 12
-20b42
What is -299461 (base 15) in base 11?
-114aa41
What is 310445 (base 7) in base 6?
1045335
32120231 (base 4) to base 2
1110011000101101
What is -11e431 (base 15) in base 14?
-184a7a
-1013320 (base 6) to base 12
-24240
Convert -622245 (base 9) to base 12.
-159705
Convert 6da313 (base 14) to base 9.
7052052
Convert -202210112102 (base 3) to base 13.
-114431
Convert bb279 (base 12) to base 9.
416433
Convert -1aa0b (base 14) to base 10.
-67827
What is 21b93a (base 12) in base 5?
114220000
What is 6840782 (base 9) in base 12?
129a26b
Convert 150878 (base 16) to base 5.
323102144
Convert 1ab21a (base 13) to base 8.
2462727
What is -3f638 (base 16) in base 13?
-91244
Convert 101000001200002 (base 3) to base 16.
511c2b
What is -1121000021111 (base 3) in base 10?
-846571
-15c3a28 (base 13) to base 12
-2432955
Convert -1679ef (base 16) to base 10.
-1473007
Convert 11302550 (base 8) to base 6.
124412104
What is 3377510 (base 11) in base 5?
3003112011
What is -1112112002100 (base 3) in base 11?
-509035
Convert 81001 (base 10) to base 13.
2ab3b
2101644 (base 7) to base 3
110211202000
What is -3902056 (base 12) in base 14?
-16b7daa
-1100011010100000011 (base 2) to base 4
-1203110003
21458a (base 12) to base 11
32a328
1244c1 (base 14) to base 15
c59c5
2430413244 (base 5) to base 10
5716699
Convert -12523504 (base 7) to base 16.
-11881c
-1002211122020002 (base 3) to base 5
-13024413442
What is 30205 (base 9) in base 2?
100110110001010
What is 760c8 (base 15) in base 7?
3120515
Convert 3f74d1 (base 16) to base 9.
7737557
Convert -5f875 (base 16) to base 12.
-16a531
399221 (base 10) to base 6
12320125
27970 (base 13) to base 14
1d01b
-13291 (base 14) to base 10
-47167
Convert -34d65 (base 14) to base 5.
-13110421
-7c56da (base 15) to base 13
-1300519
1204514130 (base 6) to base 9
27636330
-4320143 (base 5) to base 2
-10001110111010101
Convert -1371165 (base 8) to base 4.
-1133021311
Convert -44321133 (base 6) to base 9.
-2450833
What is 101100001010101000100000 (base 2) in base 8?
54125040
What is -28217 (base 13) in base 5?
-4400211
1203004434 (base 5) to base 7
32434256
-1001011101011111 (base 2) to base 13
-1483b
What is -104247 (base 11) in base 14?
-44a4c
What is 202110403 (base 5) in base 8?
3072341
-33205 (base 9) to base 12
-10905
What is 365784 (base 9) in base 5?
24031201
-221202202202 (base 3) to base 8
-1736517
What is 1118645 (base 9) in base 3?
1010122201112
Convert fe54 (base 16) to base 6.
1221232
What is 32b16 (base 16) in base 2?
110010101100010110
What is -10010110101001011111 (base 2) in base 9?
-1140386
What is -31310220330 (base 4) in base 3?
-20211002111010
Convert 81359 (base 14) to base 16.
4bdd3
Convert 21100554 (base 6) to base 2.
10010110000001110110
2311310 (base 7) to base 15
5a7b2
Convert -113000101 (base 5) to base 15.
-a2bbb
2649c5 (base 14) to base 5
314202212
What is -152e4 (base 15) in base 6?
-1243324
Convert -7423d (base 14) to base 4.
-1010130033
What is -11001010111100110001011 (base 2) in base 14?
-c517bd
403314104 (base 5) to base 12
661540
-2746c (base 14) to base 16
-17a98
2011222000 (base 4) to base 10
547456
Convert -212110002121 (base 3) to base 9.
-773077
What is -62661 (base 15) in base 9?
-524811
-1635728 (base 9) to base 10
-909656
Convert -110110110001101011111 (base 2) to base 5.
-424414121
Convert 6ab325 (base 12) to base 15.
23e89b
What is 26863 (base 14) in base 9?
154221
404626 (base 11) to base 15
cca22
-5331331 (base 6) to base 5
-31321324
-1042022 (base 5) to base 3
-221020000
Convert 1312015014 (base 6) to base 9.
32132241
Convert -11021312221 (base 5) to base 7.
-203104415
121221201102 (base 3) to base 2
1010001011101101101
-75796 (base 16) to base 14
-c74d8
Convert 9268a (base 14) to base 7.
2665533
-300442 (base 8) to base 2
-11000000100100010
What is 20011112201 (base 3) in base 10?
121411
What is 1111001000110010101111 (base 2) in base 3?
21110121022110
-a8908c (base 13) to base 16
-3c71db
What is e1acca (base 15) in base 8?
50706463
1526 (base 13) to base 5
44244
Convert 111210321 (base 4) to base 11.
60443
Convert -7837890 (base 11) to base 8.
-64333032
What is 55316354 (base 8) in base 4?
231121303230
Convert 15cb290 (base 13) to base 12.
2440284
What is -5614 (base 14) in base 7?
-61324
What is 1101000111001111111 (base 2) in base 6?
13113155
Convert 186a1 (base 11) to base 7.
136112
Convert -325a25 (base 12) to base 15.
-10b702
What is -301313033 (base 4) in base 7?
-1510310
Convert -22023101 (base 4) to base 11.
-29352
-105684 (base 12) to base 7
-2124313
Convert -59569 (base 13) to base 4.
-213322312
2115276 (base 10) to base 11
1215269
Convert -44534060 (base 7) to base 4.
-32231300030
-121020000 (base 3) to base 7
-46323
What is -9b136 (base 13) in base 6?
-10010530
515602 (base 12) to base 14
25260a
Convert 12122122201211 (base 3) to base 12.
100aa